= 570, -z = 2*z + 3*d - 312. Let h = z - -131. What is the greatest common factor of 30 and h?
30
Suppose -5*k = 2*g - 47, k = -g - 0*k + 19. Let a(u) = u + 39. Suppose 0*b - b = 23. Let y be a(b). What is the greatest common factor of g and y?
16
Let q(g) = -g**2 - 6*g - 6. Let n be q(-4). Suppose -10 = -n*y + 2. Let f be (112/4)/1 + -4. Calculate the highest common factor of f and y.
6
Suppose -4*j = -f + 20, -5*f + 0*j = j - 16. What is the greatest common divisor of f and 32?
4
Let j(h) = 12*h - 4. Let m be j(4). Suppose 7*s + 3*s - 20 = 0. Suppose -2*o + 219 = p, -s*o + 0*p = -4*p - 224. Calculate the highest common factor of m and o.
22
Let s(a) = 88*a**2 - 3*a - 3. Let v be s(-1). Suppose -2 = 3*m + z, 2*m + 2*m + 3*z = -6. Let o be 8*(m/3 + 1). Calculate the highest common divisor of o and v.
8
Let t = 1402 - 1322. What is the greatest common factor of t and 25?
5
Let i be (4/(-5))/((-1)/5). Suppose 0*u + 3 = u. Let x be 19/u - 23/69. What is the greatest common divisor of i and x?
2
Let x(g) = -g**3 + 8*g**2 - 4*g - 17. Let k be x(7). Suppose -5*u - 3*z + k*z + 86 = 0, -5*u + 70 = -5*z. Calculate the greatest common factor of u and 90.
18
Let k(p) be the second derivative of 7*p**4/3 + 5*p**3/6 - 3*p**2/2 - 9*p. Let d be k(2). What is the highest common divisor of d and 17?
17
Suppose 0 = 3*h - 2*j - 704, 6*j - 9*j = 2*h - 491. Calculate the highest common factor of 28 and h.
14
Let z(i) = -i**3 + 11*i - 8. Let t be z(-4). Let l(k) = 13*k + 1. Let n be l(-1). Let r be (1 + -3)/(2/n). What is the greatest common factor of r and t?
12
Let a(x) = 4*x**2 + 5*x + 44. Let u be a(8). What is the highest common factor of 68 and u?
68
Let l = -56 - 5. Let u be 1*(2 - 1 - l). Let h = u + -44. Calculate the highest common divisor of h and 6.
6
Suppose -3*q + 225 = -2*q. Let f be (-152)/(-6) - 161/483. Calculate the highest common factor of q and f.
25
Suppose 0 = 7*s - 2*s - 55. Suppose -b = -5*j - 17, -2*b + 62 - 23 = -5*j. Calculate the highest common divisor of s and b.
11
Suppose -2*k + 0*k = 0. Suppose t - 2*t + 15 = k. Let f be ((-6)/4)/((-2)/8). Calculate the highest common divisor of f and t.
3
Suppose 32*q - 39*q = -189. What is the highest common divisor of 6 and q?
3
Let f be 2 - (0 - 4) - -20. What is the highest common factor of 65 and f?
13
Suppose 206 = 3*d + 38. Calculate the greatest common divisor of d and 8.
8
Suppose 680 = -0*q + 4*q. Let y = -121 + q. What is the greatest common divisor of 7 and y?
7
Let n(g) = 4*g - 5. Let a be n(2). Suppose 10*b - a*b = 63. Calculate the greatest common factor of 81 and b.
9
Let b be 37 - (0 - 20/(-5)). Suppose -387 = -15*c - 57. Calculate the highest common divisor of c and b.
11
Suppose 0 = 2*a, -6*w + 3*w + 15 = 4*a. Suppose -w = s, -4*k + 9*k = -5*s + 470. What is the greatest common factor of k and 33?
33
Let k(o) = 5*o**2 + 73*o + 72. Let q be k(-1). What is the highest common factor of 132 and q?
4
Let z(d) = 2*d + 3. Let s be 3*4/30*10. Let r be z(s). Suppose 440 + 55 = 9*y. Calculate the greatest common divisor of y and r.
11
Let n(i) = 7*i**2 + 5*i - 4. Let x be n(-6). Suppose -x - 118 = -3*f. Calculate the highest common factor of f and 28.
28
Suppose 5248 = 41*y - 7667. Calculate the greatest common factor of y and 35.
35
Let j = 359 - 74. What is the greatest common factor of 15 and j?
15
Suppose -15600 = 3*k - 19*k. What is the highest common factor of 39 and k?
39
Let n = 703 + -538. Calculate the highest common divisor of 22 and n.
11
Let z be 2*(-1)/1 - -90. Let w be -1*((-1 - -13) + -4). Let s(i) = 2*i + 24. Let o be s(w). Calculate the greatest common factor of z and o.
8
Let w = 400 + -179. Let g = -258 - -275. What is the greatest common factor of w and g?
17
Let c be -3 + 1 - (-3 + -80)/(-1). Let m = c + 92. What is the highest common divisor of 49 and m?
7
Let a be 970 + 4 - (-2 + -8). What is the highest common factor of 24 and a?
24
Let d = -1351 - -2254. What is the highest common factor of d and 42?
21
Let y(a) = -a**2 - 19*a - 42. Let r be y(-19). Let c be 60/r*(-14)/2. What is the greatest common factor of 4 and c?
2
Suppose u - 9 + 3 = 0. Suppose -3*q - u = -0. Let k be q/(-4) - (-585)/30. Calculate the greatest common factor of k and 5.
5
Let v(a) = -10*a**3 - 11*a**2 + 15*a - 9. Let m be v(-3). Let i(w) = -39*w**3 + w**2 + 2*w + 1. Let p be i(-1). What is the highest common factor of p and m?
39
Let c(a) = -a**2 + 10. Let h be c(0). Let w(r) = -2*r**2 - 20*r - 15 + 40 - 27. Let i be w(-8). Calculate the highest common factor of h and i.
10
Suppose -91*s = -61*s - 12960. What is the greatest common divisor of s and 384?
48
Suppose -3030 = -10*p - 1140. What is the highest common factor of 27 and p?
27
Let c be 4/6 + (-24)/9. Let r be (-145)/c - 2/4. Let i = -1 - -19. Calculate the highest common factor of i and r.
18
Suppose 2*g = -d + 4*g + 22, 2*g - 86 = -5*d. Calculate the greatest common factor of d and 2.
2
Let a(d) = d - 6. Let x be a(14). Suppose 0 = -4*b + 8*b - x. Suppose -4*f = -b*y + 32 - 6, -4*f = 16. What is the highest common divisor of y and 5?
5
Let v(o) = o**2 + 3*o - 7. Let r be v(-5). Let x be r/5 + 114/10. What is the greatest common factor of 132 and x?
12
Let y(i) = -i**3 + 17*i**2 - 11*i + 2. Let z be y(15). Suppose -5*n + 207 = 2*f, 5*f - 40 - 88 = -3*n. What is the greatest common divisor of n and z?
41
Suppose 0*n = -3*n - o + 199, -3*o + 257 = 4*n. Calculate the greatest common factor of n and 5.
1
Let n(d) = d + 3. Let y(q) be the second derivative of -q**3/2 - 5*q**2 - 7*q. Let f be y(-6). Let g be n(f). What is the greatest common factor of g and 22?
11
Suppose -5*o + 5*d - d = -104, 3*o - 2*d = 64. Let m be (o - 1)*(2 + 1). Calculate the highest common divisor of 23 and m.
23
Let o(g) = g**2 + 12*g + 13. Let v be o(-11). Suppose -85 = -v*d - 3*d. Let n be 3*1*17/d. Calculate the greatest common divisor of 33 and n.
3
Suppose -4*t + 3*c - 380 = 0, 0 = 4*c + 3 + 13. Let a = 125 + t. What is the highest common divisor of 9 and a?
9
Let t be 8 + 20/(-5) + 16. Let v = 12 + -2. Let x = t - v. Calculate the highest common factor of x and 40.
10
Let n be -14*((-9280)/(-56))/(-10). What is the greatest common divisor of 1 and n?
1
Suppose -80*i + 58684 = 23484. What is the greatest common factor of i and 30?
10
Let g be 27 + 1 + 0 + 0. Let n(w) be the first derivative of 3*w**2 + 67*w - 31. Let y be n(-10). Calculate the greatest common factor of g and y.
7
Let i = 0 + 5. Suppose -i*j = -150 - 40. What is the greatest common divisor of j and 57?
19
Let v(d) = -79*d - 10. Let t be v(2). Let x be (2/(-3))/(8/t). What is the greatest common divisor of 126 and x?
14
Let p = -130 - -205. What is the greatest common divisor of 275 and p?
25
Let b(z) = z**3 + 2*z**2 + 3*z + 88. Let u be b(0). Calculate the greatest common divisor of u and 80.
8
Let r = -45 + 93. Suppose -3*a - 4*h = -a - 38, 3*a - 3*h - r = 0. What is the greatest common factor of a and 85?
17
Let n = -25 - -28. Suppose -n*c + 23 = -2*z, -c + 6 = -z - 1. Calculate the greatest common divisor of c and 63.
9
Let h be 19 - (0 + -2 + 0). Suppose -2*f + 4*z = -60, h + 9 = f - 4*z. Calculate the highest common factor of f and 240.
30
Let d = -57 + 125. Let q be (167 - (7 - 3)) + 0 + 7. Calculate the greatest common factor of d and q.
34
Let w = -108 + -241. Let d = -224 - w. Calculate the highest common factor of d and 50.
25
Suppose -6*h + 26*h - 360 = 0. What is the greatest common factor of 12 and h?
6
Let r = 64 - -6. Suppose r = 3*a - 77. Suppose -3*b = -f + 7, b - 3 - 4 = -f. What is the greatest common factor of a and f?
7
Let u be 3 + 3 + (-8)/2. Let i be (-3)/u*(-4 - -20). Let v = 126 - i. What is the highest common divisor of 60 and v?
30
Let k = 241 - 236. What is the greatest common divisor of k and 295?
5
Suppose -3*x + 1326 = 10*x. Calculate the greatest common factor of x and 30.
6
Suppose 0 = -j - j + 14. Suppose j*b = 2*b + 190. Let l(y) = -y**3 + 8*y**2 - 5*y + 5. Let n be l(7). What is the greatest common factor of b and n?
19
Suppose -2*j = 4*d - 8, 3*j + 2 = d - 14. Suppose d*y + o = 32, y + o - 8 = -0. Calculate the highest common divisor of y and 2.
2
Suppose -q + 3*z = 10, 4*q - 19*z = -15*z. What is the highest common factor of q and 10?
5
Let j be (1 - 